4).
-11
Let h(x) = 98 + 2*x**2 + 10*x - 3*x**2 + 0*x - 107. What is h(9)?
0
Let r(w) = 6*w. Let u = 0 - -5. Suppose 2*d + u = -3*d. Give r(d).
-6
Let u(d) = d**2 + d. Let b = 10 + -6. Let z be (-5 + 2)*(b - 3). What is u(z)?
6
Let i(n) = -n**2 + 10*n - 6. Let h = -9 + 16. What is i(h)?
15
Let j(h) = -h**3 + h**2. Let l(p) = 5*p**3 - 8*p**2 - 2*p + 3. Let v(r) = -4*j(r) - l(r). Calculate v(4).
5
Let t(x) = -x**3 - 12*x**2 - 5*x - 7. Let a(h) = -h**2 - 1. Let g be (1 - 4) + 7 + -3. Let y(w) = g*t(w) - 6*a(w). Determine y(-5).
-1
Let n(g) be the second derivative of -g**5/20 - g**4/4 - g**3/3 + 2*g**2 - 6*g. What is n(-3)?
10
Let j be 0 + (-10)/(4/2). Let m(b) be the third derivative of 0 + 1/10*b**5 + 1/120*b**6 + 0*b + 4*b**2 - 1/6*b**3 + 1/8*b**4. Calculate m(j).
9
Let n(a) = 2*a**2 + 4*a + 5. Let j be n(-2). Let s(q) = -q**2 + 5*q - 4. Calculate s(j).
-4
Let o(z) be the second derivative of -1/12*z**4 + 0 + 2*z - 1/3*z**3 + 3/2*z**2. Determine o(2).
-5
Let h(v) be the second derivative of v**3/6 - 9*v**2/2 - v. Let i be ((-21)/(-7))/(3/2). Let f(x) = x**3 - x - 2. Let q be f(i). Calculate h(q).
-5
Let h(z) be the third derivative of -z**4/12 - 2*z**3/3 - 2*z**2. What is h(3)?
-10
Let o = -5 - -7. Let s(z) = 0*z**2 + 5 + z**o - 2 - 3*z. Calculate s(3).
3
Let a(s) = s**3 + s**2 + 1. Suppose 25*n - 24*n + 1 = 0. Give a(n).
1
Let n(y) = 2*y - 1. Let f be ((-26)/(-39))/(2/(-9)). What is n(f)?
-7
Let h(l) be the first derivative of -l**7/840 - l**6/72 - l**5/120 + l**4/12 + 2*l**3/3 - 10. Let i(p) be the third derivative of h(p). Determine i(-5).
7
Let q(h) = h**2 + h - 2 + 5*h - 8*h. Determine q(-2).
6
Let l(m) be the second derivative of -m**5/120 + m**4/12 + m**3/3 + 2*m. Let t(k) be the second derivative of l(k). What is t(6)?
-4
Let h = -10 - -7. Let f(u) = 6*u**3 + 4*u**2 - 2*u - 2. Let j(b) = 6*b**3 + 5*b**2 - 2*b - 3. Let t(p) = h*j(p) + 4*f(p). Calculate t(1).
6
Let p(v) = -v + 2. Let t = 5 - 0. Suppose 5*f + 5 = -5*h, -2*f - h = -0*h + t. Give p(f).
6
Let b be 98/(-5) + (-6)/15. Let k = b + 32. Let c = k + -8. Let s(d) = -d**3 + 4*d**2 - d + 4. Give s(c).
0
Let o = 69 - 67. Let l(n) = n - 2. Let i(x) = 6*x - 10. Let r(w) = 3*i(w) - 16*l(w). Let g(t) = 10*t + 11. Let d(h) = o*g(h) - 11*r(h). Determine d(5).
-10
Let k(a) = a**3 - a**2 + a - 2. Let z = -14 + 16. Calculate k(z).
4
Let x be (5/20)/(4/16). Let r(a) = -7*a. What is r(x)?
-7
Let n(r) = -r**3 - r**2 - r - 1. Let m(a) = 7*a**3 - 2*a**2 + 5*a + 3. Let g(h) = -m(h) - 6*n(h). Give g(8).
11
Let d(v) = v + 1. Suppose 2 = c + 5. Calculate d(c).
-2
Let k(l) = -7*l**3 - 2*l**2 + l. Suppose -6*w + 4*w = -2. Calculate k(w).
-8
Let h(b) = -3*b**3 + 3*b**2 + 8*b + 13. Let g(s) = -2*s**3 + 4*s**2 + 8*s + 12. Let c(k) = 4*g(k) - 3*h(k). Determine c(-6).
-3
Let j = -5 + 6. Let y(u) = -12*u**2 + u - 1. Calculate y(j).
-12
Suppose -v = -4 + 3. Let x(y) = -7*y**2 - y. Calculate x(v).
-8
Let a(y) = 4*y**2 + 1 + 0*y + y - 8*y**2. Suppose -q + 2*o + 5 = 0, 0 = q + 2*o - 6*o - 9. Suppose r = -2 + q. Calculate a(r).
-4
Let p(y) = -y + 2. Let z(g) = -3*g + 6. Let c(w) = -7*p(w) + 2*z(w). Let s = -6 + 9. What is c(s)?
1
Suppose 22 = 4*n - 2*n - 3*m, -2*n = 2*m - 2. Let a(z) = 0*z + 2*z - z + 1. What is a(n)?
6
Let l(p) = p**2 - p - 1. Let t(r) = r**2 + 1. Let f be t(1). Let i be l(f). Let x(a) = -2*a + 2*a + 4*a - i + 0. Calculate x(1).
3
Let j(x) = 858*x**2 - 2*x**3 - 866*x**2 + x**3 - 3. What is j(-8)?
-3
Suppose w - 5 = -0*w. Let p be 2 - (-3 + (w - 2)). Let u(s) = -s**3 + 2*s**2 - s + 1. Give u(p).
-1
Let u be ((1 - 2) + 2)*2. Let j(b) be the first derivative of b**2/2 + 1. Determine j(u).
2
Suppose -2*y + 0*y - 3*y = 0. Let d(x) = -4*x**2 - x - 2. Let b(i) = i**2. Let n(l) = 5*b(l) + d(l). Determine n(y).
-2
Let c(t) = -t**3 - 5*t**2 - 1. Let h be c(-5). Let i(r) = -7*r**2 + 5*r - 3. Let v(w) = 2*w**2 - 2*w + 1. Let y(n) = 4*i(n) + 11*v(n). Give y(h).
-5
Let x(d) be the second derivative of -d - 1/6*d**3 + 3*d**2 + 0. What is x(6)?
0
Suppose -2 = -0*v - v. Suppose -4*b = v*a + 20, -a - 25 = b + 4*b. Let d(j) = j**2 + 2*j - 4 + a*j - 2*j**2. Give d(3).
-7
Let i(b) = -b**3 - 7*b**2 - 2. Let p be i(-7). Let v = 4 + p. Let h(q) = 5 + v + 3*q - 2. What is h(-4)?
-7
Let d(s) = -1. Let g(k) = 2*k + 2. Let p = 20 + -19. Let l(c) = p*d(c) + g(c). Calculate l(-2).
-3
Let c(n) = 2*n + 10. Let r be c(-7). Let k(x) be the first derivative of -x**4/4 - x**3 + 2*x**2 + 3. Let t be k(r). Let g(a) = -a + 4. What is g(t)?
4
Let p(x) = x**2 + 3*x + 2. Let v be p(-3). Let y be (3/3 - 0)*v. Let u(t) = 4*t - y - 2*t - t. Give u(3).
1
Let g(v) = -7*v + 2. Suppose -3*u - 12 = -18. Calculate g(u).
-12
Suppose -2*c - c = -6. Let l(t) = -1 + 5 + 5*t - 8 + 2. Calculate l(c).
8
Let j(k) = 3*k**2 + 3*k**2 - 12*k**2 + 5*k**2 + 7*k - 3. Determine j(5).
7
Let o(s) be the third derivative of -s**4/4 + s**3/6 + 8*s**2. Give o(-1).
7
Let v(z) = -z**2 + 8*z + 12. Let u be v(9). Let a(w) be the second derivative of 3*w + 1/12*w**4 + 0 + 2/3*w**u + 1/2*w**2. What is a(-5)?
6
Let u = -46 - -43. Let g(y) = -3*y + 1. Give g(u).
10
Let c be (-10 + 4)*1/(-3). Suppose 2*q + 6 = -c. Let h(y) = -2*y**2 - 6*y - 1. Calculate h(q).
-9
Let p(b) be the third derivative of b**6/720 + b**5/120 - b**4/3 - 3*b**2. Let r(d) be the second derivative of p(d). What is r(3)?
4
Let j(u) = -u**2 - u - 4. Let x(k) = -5*k**2 - 4*k - 17. Let f(r) = 9*j(r) - 2*x(r). Determine f(0).
-2
Let h(j) = 4*j**2 - 2. Let o(f) = 11*f**2 + f - 5. Let p(u) = -8*h(u) + 3*o(u). Let g be 1/4 + (-9)/4. What is p(g)?
-1
Suppose 3*y - 2 = 2*y. Let h(b) = 0*b - 5*b + 3*b**2 + 1 - y*b**3 + 3*b + b**3. Give h(2).
1
Let w = -2 + 1. Let r(s) = -6*s**2. Determine r(w).
-6
Let h(v) = 4*v. Let o = 57 + -40. Let g = o - 16. Give h(g).
4
Suppose -3*m = -4*m. Let q(l) = -1 - 3 - l + m. Determine q(6).
-10
Let y(c) = c + 2. Let j be y(3). Let l be 1/(11/j + -2). Let m(x) = x**3 - 5*x**2 + 2*x - 7. Give m(l).
3
Let i(l) = l - 1. Let r(v) = 5*v - 18. Let x(n) = -6*i(n) + r(n). Give x(-10).
-2
Let b(v) = -v**3 - 4*v**2 + 2*v + 2. Let q be 42/(-189) - (-1 + 104/18). Give b(q).
17
Let d(h) be the second derivative of -h**4/12 + 2*h**3 + 3*h**2/2 + h - 5. Give d(12).
3
Let j = 8 - 2. Let z(b) = 3*b**3 + 11*b**2 - 6*b + 1. Let n(a) = -8*a**3 - 32*a**2 + 18*a - 4. Let t(i) = 4*n(i) + 11*z(i). Determine t(j).
-5
Let u(j) = -16*j**3 + j + 1. Suppose v + p - 2 = 0, -2*p = -v + 2*p - 13. What is u(v)?
16
Let l(p) = p - 2. Let i(o) = 6*o - 18. Let r(m) = -i(m) + 5*l(m). Determine r(12).
-4
Let w(h) = 12 + 2 - h - 8. Let m(z) = -z + 4. Let g(l) = 7*m(l) - 5*w(l). What is g(2)?
-6
Let s(u) be the first derivative of 0*u + 1 + 1/120*u**5 + 0*u**4 + 1/60*u**6 + 0*u**2 + 2/3*u**3. Let b(g) be the third derivative of s(g). Calculate b(-1).
5
Let f(c) = 4 - 5 + c + 2*c - 2*c. Calculate f(-6).
-7
Let n(i) = 11*i**2 - i. Let h be ((-1)/(-3))/(9/27). Give n(h).
10
Let c(g) be the second derivative of -g + 1/12*g**4 + 0 + 1/2*g**2 + 1/3*g**3. Give c(-2).
1
Let b(w) = -w**2 - 7*w - 6. Let x = 2 - 3. Let l(z) = -z**3 - 6*z**2 - 6*z - 5. Let h be l(-5). Let g be (1 + h)/(x/5). Give b(g).
4
Suppose 0 = -2*y - 8*x + 10*x - 16, -20 = 4*y + 2*x. Let v(o) = -o**3 - 5*o**2 + 4*o - 5. Determine v(y).
7
Suppose 0 = -2*g - 0*g. Let m be 2 + 1*(2 - g). Let h(n) = 4*n + 0 - 2 - n**2 - 3. What is h(m)?
-5
Let d(v) be the first derivative of 2*v**3/3 + v**2/2 + v + 1. What is d(-3)?
16
Let s(a) be the third derivative of 0 + 0*a - 5/24*a**4 - 2*a**2 + 1/6*a**3. Give s(3).
-14
Let d(t) be the second derivative of -t**4/12 + 4*t**3/3 + 9*t**2/2 - 6*t. Calculate d(8).
9
Let s(k) = 5*k**2 + 3. Let q(w) = -24*w**2 + w - 16. Let o(a) = -2*q(a) - 11*s(a). Let i(u) = u**2 - 14*u - 16. Let m be i(15). Determine o(m).
-6
Let z(r) = -r**3 + 9 - 8 + 13*r - 15*r - 6*r**3. Determine z(1).
-8
Let w(t) = 23*t**2 + t - 1. Let m = 58 - 57. Calculate w(m).
23
Let t(m) be the first derivative of -m**3/3 - m**2 - 3*m + 4. Let k = -6 + 10. Suppose -k = g - 2. Determine t(g).
-3
Let q(l) = 4*l - 5*l - 2 + 2*l. Let d(b) = b**3 + b - 8. Let x be d(0). Let h be 2/x + (-17)/(-4). What is q(h)?
2
Let o(n) = -n - 1. Let k be o(1). Let s(d) = d**2 - 6*d + 7. Let z be s(5). Let g(j) = -2*j**2 - 3*j - j - 2 + 0*j**z. Give g(k).
-2
Let h be 30/(-4) + (-1)/2. Let p